= -2*o, 13*o = 10*o - 9. What is the tens digit of b?
7
Let l be 1/((-27)/168 - (-4)/14). Suppose 0*d = l*d - 6*d. Let m(t) = -t**3 - 5*t + 26. What is the tens digit of m(d)?
2
Let m(x) = 3220*x - 1691. What is the thousands digit of m(5)?
4
Suppose -29816 = -10*j - 12558 + 43202. What is the hundreds digit of j?
0
Suppose 47*i - 40*i = 15071. Suppose t + 4*h = -2*t + i, 5*t - 3*h = 3569. What is the units digit of t?
5
Let j(g) = 27*g. Let r be j(1). Suppose -29*m = -r*m - 10. Suppose 4*f - 276 = 4*c, 2*f - 175 = m*c - 46. What is the tens digit of f?
7
Let l(v) = v**2 - 9*v. Suppose 4*r = x - 7, 3*x - 2*r = 8 + 3. Let b(p) = -2*p**2 + 19*p. Let o(y) = x*b(y) + 5*l(y). What is the tens digit of o(7)?
3
Let p(k) = 1796*k**3 + k**2 - 167*k + 339. What is the hundreds digit of p(2)?
3
Suppose -9*n + 12 = -3*n. Let p(x) = 18*x - 3. Let q be p(n). Let j = q - 12. What is the tens digit of j?
2
Let z = 95 + -82. Suppose z*m = 8*m + 2595. What is the tens digit of m?
1
Let u(k) = -463*k - 2553. What is the thousands digit of u(-22)?
7
What is the thousands digit of (-8 - -2 - -8)*(-12397)/(-14)?
1
Let h = -1 - -3. Suppose 5*k + 3*p - 1097 = 0, 0 = -2*k - h*p + 180 + 258. What is the tens digit of k?
2
Let b(u) = 6*u**2 + 15*u - 1067. What is the hundreds digit of b(-38)?
0
Suppose 170 = -z - 3*l - 151, 5*l = 0. Let n = z - -884. What is the tens digit of n?
6
Let j be 3/36 + (-92)/(-48). Suppose -t = j*z - 534, 4*t + 2*z = -2*z + 2140. What is the units digit of t?
6
Suppose -5*h - 293 = 2. Let k = -27 - h. Suppose -k - 110 = -2*d. What is the tens digit of d?
7
Let v(t) = 33*t**3 - 4*t**2 + 22*t + 23. What is the hundreds digit of v(5)?
1
Let q(b) = -b**3 - 8*b**2 - 7*b - 5. Let f be (-14)/(10/6 + (-14)/(-42)). Let a be q(f). What is the units digit of 67*(a/5 - -3)?
4
Let t(s) = -s**3 + 13*s**2 + 4*s - 102. Suppose -f + 14*v - 19*v = -18, -50 = -5*f - 5*v. What is the units digit of t(f)?
0
Suppose -4*q = 2*a - 55874 + 14820, q = 2*a + 10246. What is the hundreds digit of q?
2
Suppose 0 = o - 4*u - 2649, o - 2643 = -0*o + 2*u. Let m = -959 + o. What is the units digit of m?
8
Suppose -5*r = 3*y - 417 - 5128, 0 = -4*y - 3*r + 7386. Let u = y - 1211. What is the units digit of u?
4
What is the hundreds digit of -19 + (-17)/(85/(-439050))?
7
Let y(v) = -7*v - 11 + 0*v + 17. Let z = 11 + -15. What is the tens digit of y(z)?
3
Suppose 2*v + 2*w + 164 = 0, -3*v = -4*w + w + 216. Let o be -4*(1 + v/4). Let j = 170 - o. What is the tens digit of j?
9
Suppose -35231 = -47*d - 2*d. Suppose 5*s + 3*g = d, s + g = 88 + 55. What is the tens digit of s?
4
Let c = -716 + 716. Suppose 2*o - 7*o + 4*y + 1246 = c, 5*o + 4*y - 1254 = 0. What is the hundreds digit of o?
2
Let i(v) = -4*v + 4. Let n be i(-5). Suppose 12*s = n - 0. Suppose -3*q + 346 = s*k, -3*q + 3*k = -q - 248. What is the units digit of q?
8
What is the ten thousands digit of (0 - 207322/(-9)) + -21*32/(-3024)?
2
Suppose -5*n + 78093 = y, 7*n + 3*n = 4*y + 156228. What is the tens digit of n?
2
Suppose 0 = 10*b + 10002 - 33832. What is the tens digit of b?
8
Let x(q) = 330*q + 2828. What is the units digit of x(56)?
8
Suppose -3*o - o = -2*m + 8474, -3*m + 3*o + 12726 = 0. What is the thousands digit of m?
4
Let m = 40 - 38. Suppose 2*n + 5*r - 4 = -2*n, 0 = 4*n + m*r - 4. What is the units digit of 3 - (-47 + 4)*n?
6
Suppose k - 2*l - 321 = 0, 3*l - 621 = -2*k - 0*k. What is the hundreds digit of (1134/k)/(1/225)?
8
Suppose 3*n - 7 = 2. Suppose j + 5 = -4*c, -c + 5 = n*c - j. What is the hundreds digit of 1620/16 + (c - 6/(-8))?
1
Suppose 70*q - 405939 = -22269. What is the units digit of q?
1
Suppose -6*x - 12 = -18*x. What is the hundreds digit of ((-465)/(-6))/(x/2)?
1
Let h = -8603 + 19085. What is the tens digit of h?
8
Suppose 81015 = -99*r + 829950. What is the hundreds digit of r?
5
Suppose 45*p - 140 = 44*p. Let x = 1 + p. What is the hundreds digit of x?
1
Suppose 4*c + 2*p - 26 = -3*p, 0 = -p + 2. Suppose 0*x - c*x + 5*h + 1794 = 0, -h = -x + 449. Suppose 6*n = x + 419. What is the tens digit of n?
4
Let k(n) = 5*n - 57. Let d(t) = -2*t + 1. Let y(b) = -3*d(b) - k(b). What is the units digit of y(-20)?
4
Let d(s) = 3 - 3 + 3*s**2 + 4 - 14*s. Let f be d(5). Let c(x) = x**2 + 19*x - 6. What is the tens digit of c(f)?
4
Suppose -4*q - 206 = 3*c, 2*c - 136 = 4*c + 2*q. Suppose -539 + 665 = 2*o. Let m = o - c. What is the tens digit of m?
2
Suppose -101220 = -131*r + 218682. What is the tens digit of r?
4
Let x be ((-33)/(-22))/(6/32). What is the tens digit of 66625/104 - (-3)/x?
4
Suppose 30690 - 107998 = 4*l. What is the tens digit of (21/18 - 1) + l/(-66)?
9
Suppose 5*u - 10*u + 22368 = -q, -17886 = -4*u - 2*q. What is the thousands digit of u?
4
Let s(x) = 19*x**3 + 16*x**2 - x - 5. Let n be (60/(-180))/(1/(-9)). What is the tens digit of s(n)?
4
Suppose 3358*s = 3371*s - 46176. What is the tens digit of s?
5
Suppose -n - 3*p = -8, 2*n + 2*n = -4*p + 16. Suppose -252 - 996 = -n*x. What is the hundreds digit of x?
6
What is the hundreds digit of 35 + (-3162)/90 - 132647/(-30)*2?
8
Let g(n) = 3290*n + 14640. What is the tens digit of g(14)?
0
Let f = -10 + 13. Suppose -f*t + s + 0*s - 101 = 0, -2*s - 36 = t. Let h = 50 + t. What is the units digit of h?
6
Let n(b) be the third derivative of -13*b**7/2520 + b**6/180 + 2*b**5/15 + 12*b**2. Let h(l) be the third derivative of n(l). What is the tens digit of h(-3)?
8
Let c be (4/(-8))/((2 - 1)/(-16)). Let n be (-6)/(-27) - c/36. Suppose 4*m = -2*h + 74 + 132, -4*h + 5*m + 425 = n. What is the hundreds digit of h?
1
Let k be (-6)/(-12) + 19/(-2). What is the tens digit of 123/(k/(-3))*4?
6
Let i(j) = -5728*j - 921. What is the thousands digit of i(-7)?
9
Suppose -185048 = 26*u - 44*u + 138394. What is the hundreds digit of u?
9
What is the thousands digit of (136829898/(-253))/(-9) + (0 - (-8)/(-44))?
0
Suppose -125*p = -100*p - 2450. What is the tens digit of p?
9
Suppose -5*u + 3*v = -190381, -9*v = -2*u - 4*v + 76122. What is the hundreds digit of u?
0
Suppose 0 = 8*i - 13*i - 20, -q + 7179 = i. What is the tens digit of q?
8
Suppose -255 = 3*x - 5*z - 2169, 0 = 4*x - 5*z - 2547. Let r = x + 285. What is the tens digit of r?
1
Let n = -11 - -13. Suppose -h + y + 3 + 4 = 0, -n*y = -5*h + 29. Suppose -144 = -h*g + 551. What is the hundreds digit of g?
1
Suppose 44*i = -252318 + 794046. What is the thousands digit of i?
2
Suppose 2*s - 2*z = 1418, -5*z - 253 = -s + 472. Let l = s - 221. What is the tens digit of l?
8
Suppose 0 = 7*f + 55 - 48. Let a(x) = 7 + 4*x - 29*x**2 + 201*x**2 + 2*x. What is the tens digit of a(f)?
7
Let r = 188534 - 125307. What is the hundreds digit of r?
2
Let q(i) = 4065*i**3 - 2*i**2 - 20*i + 40. What is the ten thousands digit of q(2)?
3
Suppose 3*u + 8874 = 2*c, 3*c + 1059 - 14336 = -4*u. What is the units digit of c?
1
What is the units digit of ((-16)/144*9)/(2*3/(-126582))?
7
Suppose 12 = -7*g + 10*g. Let a be (2/g)/((-7)/84). What is the tens digit of (-20)/a*(-198)/(-10)?
6
Let g = 2397 + -112. Suppose -101*v + g = -96*v. What is the hundreds digit of v?
4
Let z(d) = 23*d - 5*d**2 + 48 - 2*d - 4*d. Let u(c) = 4*c**2 - 18*c - 48. Let h(p) = -6*u(p) - 5*z(p). What is the tens digit of h(-22)?
2
Suppose 315 + 459 = -3*z + 2*u, 4*z = -u - 1021. Let k = 411 + z. Suppose -6 - k = -7*m. What is the tens digit of m?
2
Let s be (-46*3)/((-2)/21*3). Let u = 945 - s. What is the units digit of u?
2
Suppose 0 = -4*x + j + 225, 5*x + 4*j + j = 300. Let v(q) = x*q + 3 - 9 + 4. What is the tens digit of v(1)?
5
Suppose 0 = 4*g + 238*h - 239*h - 41375, -31019 = -3*g - h. What is the thousands digit of g?
0
Suppose 0 = 4*p + 2*a - 38, 4 - 3 = -2*p + 3*a. Suppose 0 = -3*i - p*i + 1880. What is the units digit of i?
8
Let y(c) = -c**3 - 4*c**2 - 9*c. Let x(p) = 4*p**2 + 8*p + 1. Let b(j) = -5*x(j) - 4*y(j). Let f be b(4). Let r = -115 + f. What is the tens digit of r?
5
Let i(x) = 58*x - 867. Let j be i(15). Let o(p) be the first derivative of 53*p**2/2 - 6*p + 2. What is the tens digit of o(j)?
5
Let u(m) be the second derivative of -m**5/20 + m**4/12 + 3*m**3/2 - 17*m**2/2 - 11*m. Let h be u(-9). Suppose h = 9*w - w. What is the tens digit of w?
8
Let p be -10*10/8*(-36)/45. Let k(v) = -v**3 + 2*v**2 + 45. Let c be k(0).